)*-35.
8
Let z(u) = -41*u - 202. Let k = 411 - 416. Let i = -12 + 20. What is the remainder when i is divided by z(k)?
2
Let k(s) = 266*s - 12634. What is the remainder when 54269 is divided by k(48)?
133
Let x(v) = -64*v - 2. Let y be x(2). Let j(o) = 48*o + 73. Let z be j(-4). Let w = z - y. What is the remainder when w is divided by 9?
2
Let i = 2576 - 2475. What is the remainder when 1009 is divided by i?
100
Suppose -25 = -g + 9. Let t = 421 + -405. Calculate the remainder when g is divided by t.
2
Let u = 7 - 5. Suppose u*q + 3*f = 32, 4*f = -3*q - q + 60. Let h(l) = -72*l + 8. Calculate the remainder when q is divided by h(0).
5
Let g = 120 + -183. Let j be g/21*(-5)/(-3). Calculate the remainder when 28 is divided by (-2 + 4 - (j - -8)) + 18.
11
What is the remainder when 254 is divided by 1/((-133)/134 + -148 + 149)?
120
Let r be (-246)/10 - (2 - 117/45). Let l(v) = v**3 + 24*v**2 - 3*v + 27. What is the remainder when l(r) is divided by 17?
14
Suppose -q + 4*o + 860 = -2*q, -3*o = 2*q + 1710. Let u = -832 - q. Calculate the remainder when 237 is divided by u.
17
Suppose -511 = -188*i + 181*i. Suppose 0 = 4*w + 8, -175 = -3*a + i*w - 71*w. Let u(m) = 7*m**2 + 5*m + 1. What is the remainder when u(6) is divided by a?
55
What is the remainder when 24 is divided by (-234)/(-14) - 20/28?
8
Suppose 0 = -69*a + 79*a + 1650. Let g = -595 - -844. Let u = g + a. Calculate the remainder when u is divided by 29.
26
Let f = -51 - -55. Suppose -f*v = 2*k - 46, -k + 49 = 4*v + 4*k. Calculate the remainder when 42 is divided by v.
9
Let h = -36 + 38. Let n = 2 - h. Suppose -5*o + 20 + 10 = n. Calculate the remainder when o is divided by 3.
0
Suppose -17*l = -370 - 55. What is the remainder when 449 is divided by l?
24
Suppose 306*k + 1698 = 11490. What is the remainder when 1049 is divided by k?
25
Suppose -4*l + 146 = 5*g, 4*g + 4*l = -38 + 154. Suppose -g = -7*z - 23. Let x = 7 - 5. What is the remainder when x is divided by z?
0
Suppose 0 = -13*z - 12724 + 13244. Calculate the remainder when z is divided by 3.
1
What is the remainder when ((-2475)/(-100))/((-6)/(-80)) + (4 - -1) is divided by 56?
55
Let c = 366 + -363. Suppose 0*w + 53 = h + 2*w, -h + 28 = -c*w. What is the remainder when 125 is divided by h?
39
Let n(k) = k**2 - k - 40. Let t be n(-18). Let v = 332 - t. Calculate the remainder when 179 is divided by v.
29
Calculate the remainder when (-1 + 8)*5/(-35)*(-9943)/1 is divided by 45.
43
Suppose 0 = 5*k + 5*q - 230, 0 = -4*k - 82*q + 85*q + 233. Calculate the remainder when 279 is divided by k.
14
Let z(m) = 2*m**3 - 165*m**2 - 775*m + 269. Calculate the remainder when z(87) is divided by 350.
265
Suppose 3*j - 60 = -7*j. Suppose 0 = 29*v - 24*v - 45. Suppose 0 = 5*i - v - j, -3*b - 2*i + 75 = 0. What is the remainder when 66 is divided by b?
20
Let z be 4 - (5 + (-4 - 0)). Suppose -2*o = z*g - 7, 2*g + 3*g - 5*o + 5 = 0. Calculate the remainder when 1 is divided by g.
0
Suppose k + 3*k - 1176 = 0. What is the remainder when k is divided by 17?
5
Suppose 0*k + k - 5*y - 445 = 0, 2*k + 4*y = 890. What is the remainder when k is divided by ((40/(-24))/((-110)/(-1056)))/((-1)/4)?
61
Calculate the remainder when 318225/725 + 6/87 is divided by 145.
4
Suppose -u - 2*b + 29 = -0*u, 3*b + 54 = u. Suppose -a + 4*a - u = 0. Let q = 38 - -12. Calculate the remainder when q is divided by a.
11
What is the remainder when 544 is divided by -1 + 0 - (-12 - -10 - 108)?
108
Calculate the remainder when 529 + (19 + -11 - 10) is divided by (1 + 13/(-5))/((-209)/6270).
47
Suppose 979 = 3*x - o - 4*o, -2 = -2*o. Let h = 556 - x. What is the remainder when h + (0 - 3)/(-3) is divided by 33?
31
Suppose -534 + 115 = -6*t - 17. Calculate the remainder when 336 is divided by t.
1
Let b(p) = -p**2 + 65*p + 2959. What is the remainder when 1523 is divided by b(-28)?
103
Suppose p - 1052 = -5*h, -40*p + 36*p = 2*h - 410. Calculate the remainder when 633 is divided by h.
0
Suppose 2*y - 1243 = -2*p + 307, 2331 = 3*p - 3*y. Calculate the remainder when 139 is divided by 22/77 - p/(-28).
27
Let b be (-80)/6*(0 - (-102)/(-5)). Let y = b - 254. Calculate the remainder when 215 is divided by y.
17
Suppose 5*z - 368 = -2*c + 144, 2*c - 526 = 2*z. Let h = c - 214. What is the remainder when h is divided by 12?
11
Suppose -13*p + 26*p - 845 = 0. What is the remainder when 720/(-75)*3*(-20)/3 is divided by p?
62
Let c(u) = 84*u**3 + 2*u**2 - 5*u + 23*u + 3 - 85*u**3. Let s(v) = v**3 - 5*v**2 - 7*v + 2. Let y be s(6). Calculate the remainder when 92 is divided by c(y).
11
Suppose -8*p + 27 = -69. What is the remainder when (p/15)/(4/790)*1 is divided by 8?
6
Suppose 14*r - 149619 = 125537. Calculate the remainder when r is divided by 14.
12
Let l(h) = -2*h + 2. Let t(n) = -9*n + 125. Let x(m) = 2*l(m) + t(m). Calculate the remainder when 189 is divided by x(5).
61
Let d(p) = -151*p - 691. What is the remainder when d(-9) is divided by 75?
68
Suppose -3*l - 10 = -m, 7*m - 27 = 3*m - l. Suppose -95 = -u - s, u = 6*s + 53 - 0. What is the remainder when u is divided by m?
5
Let m be 15/60 + 14/8. Suppose 4*w - 358 - 114 = -m*k, 5*w - 1155 = -5*k. What is the remainder when k is divided by 29?
23
Let r(a) = -826*a**3 - a**2 + 8*a + 10. What is the remainder when r(-1) is divided by 825?
2
Suppose 14*w - 546 - 142 = 68. Calculate the remainder when 1397 is divided by w.
47
Calculate the remainder when (-3)/(-36)*(20547 + 9) is divided by 12.
9
Let b be 0 - (-4 - (-1 - 2)). Let c be 2*(-6*b)/3. Calculate the remainder when 63 is divided by (33/5)/(c/(-20)).
30
Let t = 7064 + -7010. What is the remainder when 631 is divided by t?
37
Let k(t) = t**2 + 16*t - 61. Let p be k(-19). Let u(n) = -n**3 - 2*n - 2. Let q = 38 - 20. What is the remainder when u(p) is divided by q?
16
Let r(t) = 8*t + 53. Suppose 166*j - 157*j - 261 = 0. Calculate the remainder when r(j) is divided by 8.
5
Suppose 4*u = 12, 3*u - 3 - 13 = -b. Suppose -7*k + b = -7. Suppose 5*p + 16 = 41. What is the remainder when p is divided by k?
1
Let a(q) = 3571*q**2 + 798*q - 798. Calculate the remainder when a(1) is divided by 48.
19
Suppose -2*p + 11 = -17. Calculate the remainder when (-106)/(-3)*(-129)/(-86) is divided by p.
11
Let l = -285 - -287. Suppose f - 4*h + 5 = l*f, 3*f - 28 = h. What is the remainder when f is divided by 2?
1
Suppose 2*m + 4*y - 2876 = 0, -13*m = m + 4*y - 20156. Calculate the remainder when m is divided by 27.
9
Let o(z) = 2*z**3 + 67*z**2 - 372*z + 158. Calculate the remainder when o(-36) is divided by 8.
6
Let w(h) = h**3 - 11*h**2 - 26*h + 151. What is the remainder when w(15) is divided by 60?
1
Let s = 18 - 16. Let t(u) = -2*u + 24. Let h be t(7). What is the remainder when h/5 + -3 + 6 is divided by s?
1
Suppose -6*w + 2*w + 772 = 0. Suppose -5*h + 5*d + 998 - 918 = 0, -3*h + 4*d + 42 = 0. Calculate the remainder when w is divided by h.
17
Let k(c) = 176*c + 2505. Calculate the remainder when 2062 is divided by k(-14).
12
Let k = 16 + 4. Let u be (-2)/21*3 - (-5496)/(-21). Let z = 268 + u. What is the remainder when k is divided by z?
2
Suppose -28 = 18*w - 172. Let p(d) = 26*d - 200. Calculate the remainder when 35 is divided by p(w).
3
Let t(c) = -c**3 + 5*c**2 - 2*c - 8. Let h be t(4). Suppose -106*p + 98*p + 192 = h. Calculate the remainder when 112 is divided by p.
16
Let d be (-1 - -2)/(-3)*0. Suppose 2*t - 5*o + 69 = d, 21 = 2*t + o + 108. Let m = t - -116. What is the remainder when m is divided by 20?
14
Let b = -138 - -232. Suppose -91*f + 30 = -b*f. Let x(o) = o**2 + 7*o + 4. What is the remainder when x(f) is divided by 5?
4
Let i be (-158)/(-4) - 1/(-2). Suppose 3*h - 148 = -70. Suppose -31*z + h*z = -i. Calculate the remainder when 8 is divided by z.
0
Let h be (157 + -156)/(2/(-4) - -1). Suppose h*b + 21*n - 27 = 22*n, -3*b = -n - 40. What is the remainder when 323 is divided by b?
11
Let z(n) = -n**3 - 3*n**2 - 2*n - 5. Suppose -20*o - 5600 = -60*o. Let d = o + -67. What is the remainder when d is divided by z(-4)?
16
Suppose -4*p + 83 - 247 = 0. Let y = p - -139. Suppose -3*t + 5*t - y = 0. Calculate the remainder when t is divided by 5.
4
Let x(p) be the first derivative of p**3/3 - 101*p + 24. What is the remainder when x(14) is divided by 48?
47
Suppose 27*a